j**2 + 8*j - 3. Let n be l(-6). What is the highest common divisor of 147 and n?
21
Let x(b) = -b**2 + 28*b - 15. Let l be x(15). What is the greatest common divisor of l and 12?
12
Suppose -259 = -2*d + 5*u, -5*u = d - 4*u - 133. What is the greatest common factor of d and 12?
12
Suppose -6*i - 78 = -270. Calculate the highest common factor of 320 and i.
32
Let x(c) be the second derivative of c**3/6 - c**2/2 + 3*c. Let z be x(7). Calculate the greatest common factor of z and 66.
6
Suppose 0 = -3*v - 2*v - 3*j + 183, -4*j = 16. Suppose -3*n + 2*l + 8 = -2*n, -3*n = -3*l - v. Calculate the highest common factor of n and 72.
18
Let n(z) = -39*z + 1. Let c(x) = -x. Let w be c(1). Let j be n(w). Calculate the greatest common divisor of 16 and j.
8
Let j be (-28)/3*12/(-8). Calculate the highest common factor of j and 154.
14
Let k = 43 + 47. What is the greatest common factor of 10 and k?
10
Suppose 0 = -4*j + 2*s + 266, -7*s + 148 = 2*j - 3*s. What is the highest common factor of j and 17?
17
Suppose 1 - 6 = -5*y. What is the greatest common factor of 6 and y?
1
Let f(l) = 10*l**2 - l - 9. Let s be f(-4). What is the greatest common factor of 62 and s?
31
Suppose 0 = -3*f, 5*c - 29 - 61 = 5*f. Suppose -w - 6 = 2*w. Let u be w + 1 + (1 - -144). What is the highest common factor of c and u?
18
Let y(n) = 2*n**2 + 14*n + 19. Let t be y(-8). What is the highest common factor of t and 7?
7
Suppose -d + 4*y + 11 + 43 = 0, y = d - 39. Let v be 17/(1 + -2 + 2). Calculate the highest common factor of d and v.
17
Suppose 0*h = -h + 4*g - 13, -3*h - g + 13 = 0. What is the greatest common factor of 12 and h?
3
Suppose 5*p - 4*y - 69 = 17, 0 = 2*y - 2. Suppose 7*j - 59 - 67 = 0. Calculate the highest common factor of p and j.
18
Let t(x) = x**3 + 11*x**2 - 11*x + 10. Let v be t(-12). Let w = v - -27. Suppose 2*q - 5*q - 8 = -y, -3 = 3*q. Calculate the greatest common divisor of y and w.
5
Suppose 0*c = c. Suppose -3*w = 11 + 10. Let y = c - w. Calculate the greatest common divisor of y and 35.
7
Let u be (-1)/(-3) - 132/18. Let w = u - -15. Calculate the highest common divisor of w and 88.
8
Suppose -p = 2*p - 15. Suppose -t + k - 5 = -0*k, 7 = 4*t + p*k. Let l be (-20)/t - (-1 - 1). Calculate the greatest common divisor of 48 and l.
12
Let u(d) = -d**2 + 7*d + 10. Let z be u(7). Let q be ((-6)/7)/(3/(-21)). Suppose q = 2*p - z. Calculate the greatest common divisor of 24 and p.
8
Let g be (-1)/4 + (-122)/(-8). Let w = g + -10. Suppose 4*o - 49 = -s, -w*o - 4*s = -2*s - 65. Calculate the greatest common factor of 88 and o.
11
Suppose -3*i - 2 = 2*o, 0*i - 5*i - 10 = 0. Calculate the greatest common divisor of 1 and o.
1
Let s be (3 + -8)*(3/(-5))/3. Calculate the highest common divisor of 5 and s.
1
Suppose -i - 2*i - 9 = 0. Let j be i/((5/2)/(-5)). Suppose -5*p - 113 = -2*x, 0 = -4*x - 0*p - 2*p + 214. Calculate the highest common divisor of x and j.
6
Suppose -3*q = -0*q. Suppose q = t - 2 - 10. Calculate the highest common factor of t and 6.
6
Suppose 4*x + x = -a + 14, 0 = 5*x + 10. What is the greatest common divisor of 8 and a?
8
Suppose -3*w + 2*y = 3*y - 42, 21 = 2*w + 3*y. Let t be (-27)/w*40/(-12). Suppose -4*s - n + 4 = -12, -2*n = 0. What is the greatest common divisor of t and s?
2
Suppose 0 = y - 3*i - 269, -5*y + 266 = -5*i - 1029. Suppose 5*r - 432 + 117 = -3*l, -4*r - 2*l + y = 0. What is the greatest common divisor of 22 and r?
22
Let m be (1 - -26)/(15/40). Let p = -7 - -15. What is the highest common divisor of p and m?
8
Suppose 2*u + 2*u + 2*m = 10, 4*u + 5*m = 7. Let x be 2/2*(-2 + 4). Suppose 110 = -x*z + u*z. Calculate the highest common divisor of 10 and z.
10
Let w be ((-26 - -2) + -3)/(-1). Suppose -3*p = -4*j + w, -3*p - 8 - 1 = -j. Suppose 2*q + 20 = j*q. Calculate the highest common divisor of q and 5.
5
Let r(c) = -13*c + 2. Let i be r(-2). What is the greatest common factor of i and 98?
14
Let w = -5 + 15. Let i be 242/6 - (-6)/(-18). Calculate the greatest common divisor of w and i.
10
Let b(l) = l**3 + 16*l**2 - 20*l + 1. Let u be b(-17). What is the highest common divisor of 13 and u?
13
Suppose 12 = -3*g + 45. Calculate the highest common divisor of 121 and g.
11
Suppose 137 + 353 = 7*a. Calculate the highest common divisor of 28 and a.
14
Let t(l) = l**3 - 21*l**2 + 21*l + 24. Let h be t(20). What is the highest common divisor of h and 22?
22
Let u = -21 - -39. Calculate the greatest common factor of u and 90.
18
Let v be (-18)/(-4) - 18/36. Suppose 3*h = -v*o + 423 + 126, -3*o + 417 = -3*h. Calculate the greatest common factor of o and 23.
23
Let s(b) = 3*b**2 - 2*b + 3. Let u be s(-5). What is the highest common factor of u and 11?
11
Let j = -76 + 119. What is the highest common factor of 301 and j?
43
Let s be (-6)/((-40)/352*3/10). Calculate the highest common factor of 22 and s.
22
Suppose 4*u + 0*s + 4*s = -20, 6 = -2*u - s. Let l be (0 - u)*(2 - 1). Let z be l*14/(-4)*-10. What is the greatest common divisor of z and 14?
7
Let l = 30 + -47. Let u be 3/3 - 2 - l. What is the highest common divisor of u and 40?
8
Let g(j) = 5*j**3 - 18*j**2 + 2*j + 4. Let a be g(4). Calculate the highest common divisor of 154 and a.
22
Let j be (6/4)/((-2)/12). Let l(t) = -10*t - 13. Let o be l(j). What is the greatest common factor of 7 and o?
7
Let g be 5 + (-3 - 4/(-1)). Suppose g*a - 3*a - 195 = 0. What is the greatest common factor of a and 26?
13
Let x = 106 + -54. Calculate the greatest common divisor of x and 26.
26
Suppose 456 = 2*s + s. What is the greatest common divisor of 19 and s?
19
Suppose 2*t - 2 = 4. Suppose q + 0*l + t*l = 34, 3*l + 4 = q. What is the highest common divisor of 57 and q?
19
Suppose -3*a + h + 455 = 2*a, 2*a - 4*h = 182. Let o be -1 - ((2 - 2) + 0). Let u be (o - 12)*1*-1. What is the highest common factor of a and u?
13
Let t = -6 + 8. Suppose 0 = t*m - 6*y + y - 40, -5*m - 5*y + 30 = 0. Let x = 64 - m. Calculate the greatest common divisor of x and 9.
9
Let d be (-378)/28*-1*4 + -3. Let p(i) = 5*i - 3. Let z be p(4). Calculate the greatest common factor of d and z.
17
Suppose 4*x = 6*x + 8. Let k be 58/4 + x/(-8). What is the greatest common factor of k and 3?
3
Let n be (6/18)/((-1)/(-3)). Let y = 6 + n. Let u = 22 - y. What is the greatest common divisor of 45 and u?
15
Let i = -343 - -583. What is the greatest common factor of i and 30?
30
Let d(g) = -30*g**3 - 2*g - 2. Let b be d(-1). Calculate the greatest common divisor of 30 and b.
30
Let q be 1/((-5)/(-20)) + 19. What is the highest common divisor of 23 and q?
23
Suppose -2*a + 2*f = 0, 5*a - 12 = 2*f - 3. Suppose 0 = -8*q + 42 + 174. Calculate the greatest common factor of q and a.
3
Suppose -4*x + 25 = -d - 282, -2*x + 4*d = -150. What is the greatest common factor of x and 11?
11
Let u(k) = k**3 + 3*k**2 - 5*k - 4. Let y be u(-4). Let q be y/2 + (-530)/5. Let w = q + 160. What is the greatest common factor of w and 36?
18
Suppose 4*j = 4*k + 12, k - 6 = 3*k + 5*j. Let y be 2 - 0 - 1*-1. Let b = y - k. What is the highest common divisor of b and 6?
6
Let m(o) = 34*o - 5. Let r be m(4). Let n = r + -76. Calculate the greatest common divisor of n and 11.
11
Let k(c) = c**3 - 7*c**2 - 8*c - 5. Let a be k(8). Let w be a/((-30)/4)*6. Calculate the greatest common factor of w and 20.
4
Let q(f) = -1 + 2 + 1 - f. Let u be q(-5). Calculate the highest common factor of u and 7.
7
Let h = -103 + 104. Calculate the highest common factor of h and 8.
1
Let f be 8 + 0 - (-4)/(0 - -4). What is the highest common divisor of f and 3?
3
Let l(g) = 13*g + 11. Let p be l(8). Calculate the highest common factor of 23 and p.
23
Suppose -2*q = -q - 5*z, z = 0. Suppose 3*j - 22 - 14 = q. Let p(f) = 2*f**2 - 3*f + 3. Let h be p(3). What is the greatest common divisor of h and j?
12
Let z = 14 - 2. What is the greatest common factor of z and 8?
4
Let d be 2/((-33)/(-9) - 3). Suppose 2*a + 2 = d*a. Suppose 5*n - 90 = -a*k, -3*n - 256 = -5*k - 0*n. What is the highest common factor of 20 and k?
10
Suppose 4*l + 204 = 7*l. Calculate the highest common divisor of 102 and l.
34
Suppose -78 = -3*v - c, -5*c - 60 = -v - 2*v. Calculate the highest common divisor of 10 and v.
5
Suppose -2 = -3*l + 1. Suppose 4*d - 3*a = 10, -3*a = -3*d + 6*d + 3. What is the greate